{"id":7746,"date":"2025-03-20T10:16:34","date_gmt":"2025-03-20T09:16:34","guid":{"rendered":"https:\/\/www.ecole-sacre-coeur-lorient.com\/?page_id=7746"},"modified":"2025-09-25T10:05:04","modified_gmt":"2025-09-25T08:05:04","slug":"la-ludimalle","status":"publish","type":"page","link":"https:\/\/www.ecole-sacre-coeur-lorient.com\/index.php\/la-ludimalle\/","title":{"rendered":"La ludimalle"},"content":{"rendered":"<div class=\"wpb-content-wrapper\"><p>[vc_row][vc_column width=\u00a0\u00bb1\/4&Prime;][stm_spacing][vc_single_image image=\u00a0\u00bb8928&Prime; img_size=\u00a0\u00bblarge\u00a0\u00bb alignment=\u00a0\u00bbcenter\u00a0\u00bb style=\u00a0\u00bbvc_box_border_circle_2&Prime; border_color=\u00a0\u00bbgreen\u00a0\u00bb onclick=\u00a0\u00bblink_image\u00a0\u00bb css_animation=\u00a0\u00bbzoomIn\u00a0\u00bb][\/vc_column][vc_column width=\u00a0\u00bb3\/4&Prime;][stm_spacing][stm_blockquote]<\/p>\n<p style=\"text-align: center;\"><span style=\"color: #ff6600; font-size: 24pt;\">Une malle de jeu libre dans la cour de r\u00e9cr\u00e9ation<\/span><\/p>\n<p>[\/stm_blockquote][stm_spacing][vc_empty_space][vc_column_text]<span style=\"font-size: 18pt;\"><em><span style=\"color: #99cc00;\"><strong>La ludimalle<\/strong> est un concept d\u00e9pos\u00e9 par la FM2J qui a pour objectif que chaque enfant puisse s&rsquo;adonner \u00e0 l&rsquo;activit\u00e9 qui lui pla\u00eet sur le temps de pause m\u00e9ridienne, en mettant \u00e0 disposition de nombreux objets de r\u00e9cup\u00e9ration. Avec ceux-ci, l&rsquo;enfant d\u00e9veloppe son imagination et d\u00e9tourne les objets de leur fonction initiale pour s&rsquo;inventer un nouveau jeu, imiter des situations quotidiennes&#8230;etc.<\/span><\/em><\/span>[\/vc_column_text][\/vc_column][\/vc_row][vc_row][vc_column width=\u00a0\u00bb2\/3&Prime;][stm_text_box button_position=\u00a0\u00bbright\u00a0\u00bb sep_color=\u00a0\u00bbcustom\u00a0\u00bb title_color=\u00a0\u00bbgreen\u00a0\u00bb stm_bg_color=\u00a0\u00bbcustom\u00a0\u00bb sep_enable=\u00a0\u00bbtrue\u00a0\u00bb title=\u00a0\u00bbConstat de la FM2J\u00a0\u00bb button_text=\u00a0\u00bbPr\u00e9sentation de la Ludimalle par la FM2J\u00a0\u00bb button_link=\u00a0\u00bburl:https%3A%2F%2Fwww.ecole-sacre-coeur-lorient.com%2Findex.php%2Fla-ludimalle%2F|title:Pr%C3%A9sentation%20FM2J|target:_blank\u00a0\u00bb sep_color_custom=\u00a0\u00bb#f28c18&Prime;]<\/p>\n<ul>\n<li><span style=\"font-size: 14pt; color: #99cc00;\"><strong>La diminution du jeu libre ext\u00e9rieur impact la sant\u00e9 des enfants :<\/strong><\/span><br \/>\nEn une g\u00e9n\u00e9ration l\u2019espace de jeu libre a \u00e9t\u00e9 r\u00e9duit par 5, et la dur\u00e9e<br \/>\nn\u2019exc\u00e8de pas une heure par jour en moyenne, en parall\u00e8le les troubles du<br \/>\ncomportement et certaines pathologies augmentent.<\/li>\n<li><span style=\"font-size: 14pt; color: #99cc00;\"><strong>Les possibilit\u00e9s de jeu de cour se sont r\u00e9duites au fil du temps :<\/strong><\/span><br \/>\nDisparition des supports de jeu par peur des accidents et des poursuites,<br \/>\ninterdiction des objets personnels, suppression des \u00e9l\u00e9ments naturels<br \/>\n(feuilles, b\u00e2tons, cailloux\u2026)<\/li>\n<li><span style=\"font-size: 14pt; color: #99cc00;\"><strong>Les professionnels font face \u00e0 des probl\u00e9matiques sp\u00e9cifiques \u00e0 ce temps de cour :<\/strong><\/span><br \/>\nConflits, cris, ennui, tensions autour du foot, r\u00e9partition genr\u00e9e dans l\u2019espace, bobologie,<br \/>\nexcitation, \u2026<\/li>\n<\/ul>\n<p>[\/stm_text_box][\/vc_column][vc_column width=\u00a0\u00bb1\/3&Prime;][vc_single_image image=\u00a0\u00bb8925&Prime; img_size=\u00a0\u00bblarge\u00a0\u00bb alignment=\u00a0\u00bbcenter\u00a0\u00bb style=\u00a0\u00bbvc_box_border\u00a0\u00bb border_color=\u00a0\u00bbgreen\u00a0\u00bb onclick=\u00a0\u00bblink_image\u00a0\u00bb css_animation=\u00a0\u00bbzoomIn\u00a0\u00bb][\/vc_column][\/vc_row][vc_row][vc_column][vc_column_text]<\/p>\n<p style=\"text-align: center;\"><span style=\"font-size: 24pt; color: #ff9900;\">La ludimalle am\u00e9liore significativement le temps de r\u00e9cr\u00e9ation :<\/span><\/p>\n<p>[\/vc_column_text][vc_single_image image=\u00a0\u00bb7789&Prime; img_size=\u00a0\u00bbfull\u00a0\u00bb alignment=\u00a0\u00bbcenter\u00a0\u00bb style=\u00a0\u00bbvc_box_border\u00a0\u00bb border_color=\u00a0\u00bbgreen\u00a0\u00bb onclick=\u00a0\u00bblink_image\u00a0\u00bb][\/vc_column][\/vc_row][vc_row][vc_column][vc_empty_space height=\u00a0\u00bb100px\u00a0\u00bb][\/vc_column][\/vc_row][vc_row][vc_column width=\u00a0\u00bb1\/2&Prime;][vc_single_image image=\u00a0\u00bb8918&Prime; img_size=\u00a0\u00bbmedium\u00a0\u00bb alignment=\u00a0\u00bbcenter\u00a0\u00bb style=\u00a0\u00bbvc_box_border\u00a0\u00bb border_color=\u00a0\u00bbgreen\u00a0\u00bb onclick=\u00a0\u00bblink_image\u00a0\u00bb css_animation=\u00a0\u00bbfadeInDown\u00a0\u00bb][\/vc_column][vc_column width=\u00a0\u00bb1\/2&Prime;][stm_text_box sep_color=\u00a0\u00bbcustom\u00a0\u00bb title_color=\u00a0\u00bbgreen\u00a0\u00bb stm_bg_color=\u00a0\u00bbcustom\u00a0\u00bb sep_enable=\u00a0\u00bbtrue\u00a0\u00bb title=\u00a0\u00bbAu Sacr\u00e9 Coeur, \u00e7a donne quoi ?\u00a0\u00bb sep_color_custom=\u00a0\u00bb#f29a02&Prime;][\/stm_text_box][\/vc_column][\/vc_row][vc_row][vc_column width=\u00a0\u00bb1\/2&Prime;][vc_column_text]<span style=\"font-size: 14pt;\">Apr\u00e8s s&rsquo;\u00eatre form\u00e9e, l&rsquo;\u00e9quipe \u00e9ducative a b\u00e2ti le projet, fix\u00e9 le cadre, les r\u00e8gles, l&rsquo;espace&#8230; Puis l&rsquo;a propos\u00e9 aux \u00e9l\u00e8ves. <\/span><\/p>\n<p><span style=\"font-size: 14pt;\">Le conseil des d\u00e9l\u00e9gu\u00e9s, 2 \u00e9l\u00e8ves par classe \u00e0 partir du CP, a r\u00e9dig\u00e9 une charte de bonne conduite \u00ab\u00a0Ludimalle\u00a0\u00bb et en a r\u00e9alis\u00e9 une affiche. Ils sont venus la pr\u00e9senter lors d&rsquo;un forum et l&rsquo;affiche est \u00e0 la vue de tous depuis le d\u00e9but du mois de f\u00e9vrier, date la mise en place du 1er essai de Ludimalle.<\/span><\/p>\n<p><span style=\"font-size: 14pt;\">Apr\u00e8s plusieurs semaines d&rsquo;application, les \u00e9l\u00e8ves prennent leurs marques, se r\u00e9inventent, imaginent, jouent autrement.<\/span>[\/vc_column_text][vc_images_carousel images=\u00a0\u00bb8929,8928,8927,8926,8925,8924,8923,8922,8921,8920,8919,8918,8917,8916&Prime; img_size=\u00a0\u00bb400&#215;400&Prime; onclick=\u00a0\u00bblink_no\u00a0\u00bb mode=\u00a0\u00bbvertical\u00a0\u00bb speed=\u00a0\u00bb3000&Prime; autoplay=\u00a0\u00bbyes\u00a0\u00bb hide_pagination_control=\u00a0\u00bbyes\u00a0\u00bb hide_prev_next_buttons=\u00a0\u00bbyes\u00a0\u00bb wrap=\u00a0\u00bbyes\u00a0\u00bb css_animation=\u00a0\u00bbfadeInDown\u00a0\u00bb][\/vc_column][vc_column width=\u00a0\u00bb1\/2&Prime;][vc_single_image image=\u00a0\u00bb7797&Prime; img_size=\u00a0\u00bblarge\u00a0\u00bb alignment=\u00a0\u00bbcenter\u00a0\u00bb onclick=\u00a0\u00bblink_image\u00a0\u00bb][vc_empty_space][\/vc_column][\/vc_row][vc_row][vc_column][\/vc_column][\/vc_row]<\/p>\n<\/div>","protected":false},"excerpt":{"rendered":"<p>[vc_row][vc_column width=\u00a0\u00bb1\/4&Prime;][stm_spacing][vc_single_image image=\u00a0\u00bb8928&Prime; img_size=\u00a0\u00bblarge\u00a0\u00bb alignment=\u00a0\u00bbcenter\u00a0\u00bb style=\u00a0\u00bbvc_box_border_circle_2&Prime; border_color=\u00a0\u00bbgreen\u00a0\u00bb onclick=\u00a0\u00bblink_image\u00a0\u00bb css_animation=\u00a0\u00bbzoomIn\u00a0\u00bb][\/vc_column][vc_column width=\u00a0\u00bb3\/4&Prime;][stm_spacing][stm_blockquote] Une malle de jeu libre dans la cour de r\u00e9cr\u00e9ation [\/stm_blockquote][stm_spacing][vc_empty_space][vc_column_text]La ludimalle est un concept d\u00e9pos\u00e9 par la FM2J qui a pour objectif que chaque enfant puisse s&rsquo;adonner \u00e0 l&rsquo;activit\u00e9 qui lui pla\u00eet sur le temps de pause m\u00e9ridienne, en mettant \u00e0 disposition de nombreux [&hellip;]<\/p>\n","protected":false},"author":1,"featured_media":0,"parent":0,"menu_order":0,"comment_status":"closed","ping_status":"closed","template":"","meta":{"footnotes":""},"_links":{"self":[{"href":"https:\/\/www.ecole-sacre-coeur-lorient.com\/index.php\/wp-json\/wp\/v2\/pages\/7746"}],"collection":[{"href":"https:\/\/www.ecole-sacre-coeur-lorient.com\/index.php\/wp-json\/wp\/v2\/pages"}],"about":[{"href":"https:\/\/www.ecole-sacre-coeur-lorient.com\/index.php\/wp-json\/wp\/v2\/types\/page"}],"author":[{"embeddable":true,"href":"https:\/\/www.ecole-sacre-coeur-lorient.com\/index.php\/wp-json\/wp\/v2\/users\/1"}],"replies":[{"embeddable":true,"href":"https:\/\/www.ecole-sacre-coeur-lorient.com\/index.php\/wp-json\/wp\/v2\/comments?post=7746"}],"version-history":[{"count":29,"href":"https:\/\/www.ecole-sacre-coeur-lorient.com\/index.php\/wp-json\/wp\/v2\/pages\/7746\/revisions"}],"predecessor-version":[{"id":8932,"href":"https:\/\/www.ecole-sacre-coeur-lorient.com\/index.php\/wp-json\/wp\/v2\/pages\/7746\/revisions\/8932"}],"wp:attachment":[{"href":"https:\/\/www.ecole-sacre-coeur-lorient.com\/index.php\/wp-json\/wp\/v2\/media?parent=7746"}],"curies":[{"name":"wp","href":"https:\/\/api.w.org\/{rel}","templated":true}]}}