{"id":19,"date":"2024-03-23T23:10:41","date_gmt":"2024-03-23T22:10:41","guid":{"rendered":"http:\/\/smartyschool.stylemixthemes.com\/?page_id=19"},"modified":"2026-03-19T07:34:06","modified_gmt":"2026-03-19T06:34:06","slug":"home","status":"publish","type":"page","link":"https:\/\/www.ecole-sacre-coeur-lorient.com\/","title":{"rendered":"Accueil"},"content":{"rendered":"<div class=\"wpb-content-wrapper\"><p>[vc_row][vc_column][rev_slider_vc alias=\u00a0\u00bbhome-slider\u00a0\u00bb][stm_spacing xs_spacing=\u00a0\u00bb60px\u00a0\u00bb sm_spacing=\u00a0\u00bb60px\u00a0\u00bb][\/vc_column][\/vc_row][vc_row css=\u00a0\u00bb.vc_custom_1711356939798{margin-bottom: 80px !important;}\u00a0\u00bb][vc_column][stm_call_to_action img_position=\u00a0\u00bbright\u00a0\u00bb title_font_size=\u00a0\u00bb60px\u00a0\u00bb title_font_weight=\u00a0\u00bb700&Prime; title_font_style=\u00a0\u00bbnormal\u00a0\u00bb descr_font_style=\u00a0\u00bbnormal\u00a0\u00bb btn_link=\u00a0\u00bburl:https%3A%2F%2Fyoutu.be%2FIRL3TT9d_lY%3Fsi%3D7mMJQucplQVfej40|title:Visite%20virtuelle\u00a0\u00bb title=\u00a0\u00bbEcole Sacr\u00e9 Coeur de Lorient\u00a0\u00bb image_id=\u00a0\u00bb52&Prime; css=\u00a0\u00bb.vc_custom_1712222271000{margin-top: -100px !important;border-top-width: 4px !important;background-color: #f4276b !important;border-top-color: #dd901c !important;border-top-style: solid !important;border-radius: 20px !important;}\u00a0\u00bb margin=\u00a0\u00bbmargin-top:15px;margin-bottom:16px;\u00a0\u00bb btn_enable=\u00a0\u00bbtrue\u00a0\u00bb img_enable=\u00a0\u00bbtrue\u00a0\u00bb btn_custom_style=\u00a0\u00bbtrue\u00a0\u00bb btn_icon_enable=\u00a0\u00bbtrue\u00a0\u00bb title_color=\u00a0\u00bb#ffffff\u00a0\u00bb descr_color=\u00a0\u00bb#f49507&Prime;]<\/p>\n<p style=\"text-align: left;\"><em><span style=\"font-size: 14pt;\"><span style=\"font-family: book antiqua, palatino, serif;\"><strong><span style=\"font-size: 24pt; font-family: georgia, palatino, serif;\">\u00ab\u00a0Donner aux enfants des racines et des ailes\u00a0\u00bb<\/span><\/strong><br \/>\n<\/span><\/span><\/em>[\/stm_call_to_action][\/vc_column][\/vc_row][vc_row][vc_column width=\u00a0\u00bb1\/2&Prime;][vc_single_image image=\u00a0\u00bb9825&Prime; img_size=\u00a0\u00bblarge\u00a0\u00bb alignment=\u00a0\u00bbcenter\u00a0\u00bb onclick=\u00a0\u00bblink_image\u00a0\u00bb css_animation=\u00a0\u00bbfadeInDownBig\u00a0\u00bb][\/vc_column][vc_column width=\u00a0\u00bb1\/2&Prime;][vc_single_image image=\u00a0\u00bb10384&Prime; img_size=\u00a0\u00bblarge\u00a0\u00bb alignment=\u00a0\u00bbcenter\u00a0\u00bb onclick=\u00a0\u00bblink_image\u00a0\u00bb css_animation=\u00a0\u00bbfadeInDownBig\u00a0\u00bb][vc_column_text]Mardi 10 mars, l&rsquo;\u00e9cole s&rsquo;est r\u00e9unie \u00e0 la salle Oc\u00e9anis de Ploemeur et a pr\u00e9sent\u00e9 son spectacle annuel de chant. Un beau moment de partage, de coh\u00e9sion et de convivialit\u00e9.[\/vc_column_text][\/vc_column][\/vc_row][vc_row equal_height=\u00a0\u00bbyes\u00a0\u00bb css=\u00a0\u00bb.vc_custom_1711139974716{margin-bottom: 80px !important;}\u00a0\u00bb][vc_column width=\u00a0\u00bb1\/2&Prime; offset=\u00a0\u00bbvc_col-lg-8 vc_col-md-7 vc_col-xs-12&Prime;][stm_title title_tag=\u00a0\u00bbh2&Prime; sep_enable=\u00a0\u00bbtrue\u00a0\u00bb title=\u00a0\u00bbL&rsquo;ouverture internationale\u00a0\u00bb title_font=\u00a0\u00bbtext-indent:-3px;\u00a0\u00bb css=\u00a0\u00bb.vc_custom_1449644303491{margin-top: 10px !important;margin-bottom: 10px !important;padding-top: 4px !important;padding-right: 5px !important;padding-bottom: 4px !important;padding-left: 5px !important;}\u00a0\u00bb sep_css=\u00a0\u00bbmargin-bottom:41px;\u00a0\u00bb sep_margin_b=\u00a0\u00bb20px\u00a0\u00bb][\/stm_title][vc_column_text css=\u00a0\u00bb.vc_custom_1711220806402{margin-bottom: 0px !important;}\u00a0\u00bb]<span style=\"font-size: 14pt;\">Par le biais d&rsquo;un projet p\u00e9dagogique ouvert \u00e0 l&rsquo;international, nous \u00e9duquons les citoyens de demain.<\/span>[\/vc_column_text][stm_spacing xs_spacing=\u00a0\u00bb45px\u00a0\u00bb][stm_link link_color=\u00a0\u00bbcustom\u00a0\u00bb link_icon_position=\u00a0\u00bbright\u00a0\u00bb icon_size=\u00a0\u00bb18px\u00a0\u00bb link_alignment=\u00a0\u00bbinline\u00a0\u00bb link_icon_enable=\u00a0\u00bbtrue\u00a0\u00bb icon_vspace=\u00a0\u00bb5px\u00a0\u00bb link=\u00a0\u00bburl:https%3A%2F%2Fwww.ecole-sacre-coeur-lorient.com%2Findex.php%2Flouverture-internationale%2F|title:L%E2%80%99ouverture%20internationale\u00a0\u00bb link_text=\u00a0\u00bbLire\u00a0\u00bb link_size=\u00a0\u00bb18px\u00a0\u00bb link_color_custom=\u00a0\u00bb#f4276b\u00a0\u00bb][stm_spacing xs_spacing=\u00a0\u00bb45px\u00a0\u00bb][\/vc_column][vc_column width=\u00a0\u00bb1\/2&Prime; offset=\u00a0\u00bbvc_col-lg-4 vc_col-md-5 vc_col-xs-12&Prime;][vc_empty_space][stm_single_image img_responsive_enable=\u00a0\u00bbtrue\u00a0\u00bb img_id=\u00a0\u00bb8989&Prime; img_size=\u00a0\u00bbmedium\u00a0\u00bb][\/vc_column][\/vc_row][vc_row equal_height=\u00a0\u00bbyes\u00a0\u00bb css=\u00a0\u00bb.vc_custom_1711139963590{margin-bottom: 80px !important;}\u00a0\u00bb][vc_column width=\u00a0\u00bb1\/2&Prime; offset=\u00a0\u00bbvc_col-lg-4 vc_col-md-5 vc_col-xs-12&Prime;][vc_empty_space][vc_images_carousel images=\u00a0\u00bb5649,5650,5651,5652,5653,5654,5655,5656,5657,5658&Prime; img_size=\u00a0\u00bb300&#215;200&Prime; speed=\u00a0\u00bb3000&Prime; autoplay=\u00a0\u00bbyes\u00a0\u00bb hide_pagination_control=\u00a0\u00bbyes\u00a0\u00bb hide_prev_next_buttons=\u00a0\u00bbyes\u00a0\u00bb wrap=\u00a0\u00bbyes\u00a0\u00bb css_animation=\u00a0\u00bbfadeInLeft\u00a0\u00bb][\/vc_column][vc_column width=\u00a0\u00bb1\/2&Prime; offset=\u00a0\u00bbvc_col-lg-8 vc_col-md-7 vc_col-xs-12&Prime;][stm_title title_tag=\u00a0\u00bbh2&Prime; sep_enable=\u00a0\u00bbtrue\u00a0\u00bb title=\u00a0\u00bbUn p\u00f4le TPS-PS-MS pour mieux grandir&#8230;\u00a0\u00bb title_font=\u00a0\u00bbtext-indent:-3px;\u00a0\u00bb css=\u00a0\u00bb.vc_custom_1449644303491{margin-top: 10px !important;margin-bottom: 10px !important;padding-top: 4px !important;padding-right: 5px !important;padding-bottom: 4px !important;padding-left: 5px !important;}\u00a0\u00bb sep_css=\u00a0\u00bbmargin-bottom:41px;\u00a0\u00bb sep_margin_b=\u00a0\u00bb41px\u00a0\u00bb][\/stm_title][vc_column_text css=\u00a0\u00bb.vc_custom_1711220827882{margin-bottom: 0px !important;}\u00a0\u00bb]<\/p>\n<ul>\n<li><span style=\"font-size: 14pt;\">Parcours d&rsquo;apprentissage adapt\u00e9 \u00e0 chaque enfant : d\u00e9veloppement de l&rsquo;autonomie et interaction avec ses pairs<\/span><\/li>\n<li><span style=\"font-size: 14pt;\">Cadre serein et silencieux<\/span><\/li>\n<li><span style=\"font-size: 14pt;\">Coop\u00e9ration et tutorat<\/span><\/li>\n<li><span style=\"font-size: 14pt;\">2 enseignantes et 2 asem au service de vos enfants<\/span><\/li>\n<\/ul>\n<p>[\/vc_column_text][stm_link link_color=\u00a0\u00bbcustom\u00a0\u00bb link_icon_position=\u00a0\u00bbright\u00a0\u00bb icon_size=\u00a0\u00bb18px\u00a0\u00bb link_alignment=\u00a0\u00bbright\u00a0\u00bb link_icon_enable=\u00a0\u00bbtrue\u00a0\u00bb icon_vspace=\u00a0\u00bb5px\u00a0\u00bb link=\u00a0\u00bburl:https%3A%2F%2Fwww.ecole-sacre-coeur-lorient.com%2Findex.php%2Fle-pole-maternelle-tps-ps-ms%2F|title:Le%20p%C3%B4le%20maternelle%20TPS-PS-MS\u00a0\u00bb link_text=\u00a0\u00bbLire\u00a0\u00bb link_size=\u00a0\u00bb18px\u00a0\u00bb link_color_custom=\u00a0\u00bb#f4276b\u00a0\u00bb][\/vc_column][\/vc_row][vc_row][vc_column width=\u00a0\u00bb2\/3&Prime;][stm_title title_tag=\u00a0\u00bbh2&Prime; sep_enable=\u00a0\u00bbtrue\u00a0\u00bb title=\u00a0\u00bbLa ludimalle sur le temps de pause m\u00e9ridienne\u00a0\u00bb sep_margin_b=\u00a0\u00bb20px\u00a0\u00bb][\/stm_title][vc_column_text]<span style=\"font-size: 14pt;\">Un moyen d&rsquo;enrichir le jeu des \u00e9l\u00e8ves en faisant appel \u00e0 leur cr\u00e9ativit\u00e9 et leur capacit\u00e9 de d\u00e9tournement.<\/span>[\/vc_column_text][stm_link link_color=\u00a0\u00bbcustom\u00a0\u00bb link_icon_position=\u00a0\u00bbright\u00a0\u00bb icon_size=\u00a0\u00bb18px\u00a0\u00bb link_icon_enable=\u00a0\u00bbtrue\u00a0\u00bb link=\u00a0\u00bburl:https%3A%2F%2Fwww.ecole-sacre-coeur-lorient.com%2Findex.php%2Fla-ludimalle%2F|title:La%20ludimalle\u00a0\u00bb link_text=\u00a0\u00bbLire\u00a0\u00bb link_color_custom=\u00a0\u00bb#f4276b\u00a0\u00bb link_size=\u00a0\u00bb18px\u00a0\u00bb][\/vc_column][vc_column width=\u00a0\u00bb1\/3&Prime;][vc_images_carousel images=\u00a0\u00bb8928,8927,8926,8925,8924,8923,8922,8921,8918,8917,8916&Prime; img_size=\u00a0\u00bbmedium\u00a0\u00bb speed=\u00a0\u00bb3000&Prime; autoplay=\u00a0\u00bbyes\u00a0\u00bb hide_pagination_control=\u00a0\u00bbyes\u00a0\u00bb hide_prev_next_buttons=\u00a0\u00bbyes\u00a0\u00bb wrap=\u00a0\u00bbyes\u00a0\u00bb css_animation=\u00a0\u00bbfadeInDown\u00a0\u00bb][\/vc_column][\/vc_row][vc_row][vc_column][vc_empty_space height=\u00a0\u00bb50px\u00a0\u00bb][\/vc_column][\/vc_row][vc_row full_width=\u00a0\u00bbstretch_row\u00a0\u00bb][vc_column width=\u00a0\u00bb1\/3&Prime;][vc_empty_space][vc_hoverbox image=\u00a0\u00bb6199&Prime; primary_title=\u00a0\u00bb\u00a0\u00bb hover_title=\u00a0\u00bb\u00a0\u00bb shape=\u00a0\u00bbsquare\u00a0\u00bb hover_btn_title=\u00a0\u00bbFormulaire \u00e0 compl\u00e9ter\u00a0\u00bb hover_btn_color=\u00a0\u00bbjuicy-pink\u00a0\u00bb hover_btn_size=\u00a0\u00bblg\u00a0\u00bb hover_btn_align=\u00a0\u00bbcenter\u00a0\u00bb hover_btn_css_animation=\u00a0\u00bbfadeInDown\u00a0\u00bb hover_add_button=\u00a0\u00bbtrue\u00a0\u00bb hover_btn_button_block=\u00a0\u00bbtrue\u00a0\u00bb hover_btn_link=\u00a0\u00bburl:http%3A%2F%2Fecole-sacre-coeur-lorient.com%2Fwp-content%2Fuploads%2Fformulaire%2Fformulaire.html\u00a0\u00bb css=\u00a0\u00bb.vc_custom_1715939765889{background-color: #ffffff !important;}\u00a0\u00bb][\/vc_hoverbox][vc_empty_space][vc_empty_space][vc_empty_space][\/vc_column][vc_column width=\u00a0\u00bb1\/3&Prime;][vc_empty_space][vc_hoverbox image=\u00a0\u00bb6200&Prime; primary_title=\u00a0\u00bb\u00a0\u00bb hover_title=\u00a0\u00bb\u00a0\u00bb shape=\u00a0\u00bbsquare\u00a0\u00bb hover_btn_title=\u00a0\u00bbLes d\u00e9couvrir\u00a0\u00bb hover_btn_color=\u00a0\u00bbjuicy-pink\u00a0\u00bb hover_btn_size=\u00a0\u00bblg\u00a0\u00bb hover_btn_align=\u00a0\u00bbcenter\u00a0\u00bb hover_btn_css_animation=\u00a0\u00bbfadeInDown\u00a0\u00bb hover_add_button=\u00a0\u00bbtrue\u00a0\u00bb hover_btn_button_block=\u00a0\u00bbtrue\u00a0\u00bb hover_btn_custom_onclick=\u00a0\u00bbtrue\u00a0\u00bb hover_btn_link=\u00a0\u00bburl:https%3A%2F%2Fwww.ecole-sacre-coeur-lorient.com%2Findex.php%2Fles-infos-de-la-semaine%2F|title:Infos%20de%20la%20semaine\u00a0\u00bb][\/vc_hoverbox][vc_empty_space][vc_empty_space][vc_empty_space][\/vc_column][vc_column width=\u00a0\u00bb1\/3&Prime;][vc_empty_space][vc_hoverbox image=\u00a0\u00bb6202&Prime; primary_title=\u00a0\u00bb\u00a0\u00bb hover_title=\u00a0\u00bb\u00a0\u00bb shape=\u00a0\u00bbsquare\u00a0\u00bb hover_btn_title=\u00a0\u00bbLes d\u00e9couvrir\u00a0\u00bb hover_btn_color=\u00a0\u00bbjuicy-pink\u00a0\u00bb hover_btn_size=\u00a0\u00bblg\u00a0\u00bb hover_btn_align=\u00a0\u00bbcenter\u00a0\u00bb hover_btn_css_animation=\u00a0\u00bbfadeInDown\u00a0\u00bb hover_add_button=\u00a0\u00bbtrue\u00a0\u00bb hover_btn_button_block=\u00a0\u00bbtrue\u00a0\u00bb hover_btn_link=\u00a0\u00bburl:https%3A%2F%2Fwww.ecole-sacre-coeur-lorient.com%2Findex.php%2Fmenus-de-la-semaine%2F|title:Menus%20de%20la%20cantine\u00a0\u00bb][\/vc_hoverbox][vc_empty_space][vc_empty_space][vc_empty_space][\/vc_column][\/vc_row][vc_row full_width=\u00a0\u00bbstretch_row\u00a0\u00bb css=\u00a0\u00bb.vc_custom_1454402985319{margin-top: -60px !important;padding-bottom: 82px !important;background-color: #ffffff !important;}\u00a0\u00bb][vc_column css=\u00a0\u00bb.vc_custom_1451025868208{padding-top: 0px !important;}\u00a0\u00bb][vc_empty_space][vc_empty_space][vc_empty_space][vc_tta_tabs section_title_tag=\u00a0\u00bbh1&Prime; color=\u00a0\u00bbjuicy-pink\u00a0\u00bb spacing=\u00a0\u00bb\u00a0\u00bb alignment=\u00a0\u00bbcenter\u00a0\u00bb active_section=\u00a0\u00bb1&Prime; pagination_style=\u00a0\u00bboutline-square\u00a0\u00bb css=\u00a0\u00bb.vc_custom_1712225327273{margin-top: -60px !important;}\u00a0\u00bb][vc_tta_section title=\u00a0\u00bbLes articles r\u00e9cents\u00a0\u00bb tab_id=\u00a0\u00bb1711142116023-bc497ac5-8718&Prime;][stm_posts posts_category=\u00a0\u00bb0&Prime; pagination_enable=\u00a0\u00bbtrue\u00a0\u00bb css=\u00a0\u00bb.vc_custom_1773396056506{margin-bottom: -18px !important;border-radius: 3px !important;}\u00a0\u00bb posts_count=\u00a0\u00bb3&Prime;][vc_row_inner][vc_column_inner width=\u00a0\u00bb1\/2&Prime; offset=\u00a0\u00bbvc_col-xs-6&Prime;][\/vc_column_inner][vc_column_inner width=\u00a0\u00bb1\/2&Prime; offset=\u00a0\u00bbvc_col-xs-6&Prime;][\/vc_column_inner][\/vc_row_inner][\/vc_tta_section][vc_tta_section title=\u00a0\u00bbEv\u00e8nements \u00e0 venir\u00a0\u00bb tab_id=\u00a0\u00bb1711142116173-abe35e5f-d690&Prime;][stm_events view_style=\u00a0\u00bblist\u00a0\u00bb event_category=\u00a0\u00bb0&Prime; pagination_enable=\u00a0\u00bbtrue\u00a0\u00bb events_count=\u00a0\u00bb6&Prime;][\/vc_tta_section][\/vc_tta_tabs][\/vc_column][\/vc_row]<\/p>\n<\/div>","protected":false},"excerpt":{"rendered":"<p>[vc_row][vc_column][rev_slider_vc alias=\u00a0\u00bbhome-slider\u00a0\u00bb][stm_spacing xs_spacing=\u00a0\u00bb60px\u00a0\u00bb sm_spacing=\u00a0\u00bb60px\u00a0\u00bb][\/vc_column][\/vc_row][vc_row css=\u00a0\u00bb.vc_custom_1711356939798{margin-bottom: 80px !important;}\u00a0\u00bb][vc_column][stm_call_to_action img_position=\u00a0\u00bbright\u00a0\u00bb title_font_size=\u00a0\u00bb60px\u00a0\u00bb title_font_weight=\u00a0\u00bb700&Prime; title_font_style=\u00a0\u00bbnormal\u00a0\u00bb descr_font_style=\u00a0\u00bbnormal\u00a0\u00bb btn_link=\u00a0\u00bburl:https%3A%2F%2Fyoutu.be%2FIRL3TT9d_lY%3Fsi%3D7mMJQucplQVfej40|title:Visite%20virtuelle\u00a0\u00bb title=\u00a0\u00bbEcole Sacr\u00e9 Coeur de Lorient\u00a0\u00bb image_id=\u00a0\u00bb52&Prime; css=\u00a0\u00bb.vc_custom_1712222271000{margin-top: -100px !important;border-top-width: 4px !important;background-color: #f4276b !important;border-top-color: #dd901c !important;border-top-style: solid !important;border-radius: 20px !important;}\u00a0\u00bb margin=\u00a0\u00bbmargin-top:15px;margin-bottom:16px;\u00a0\u00bb btn_enable=\u00a0\u00bbtrue\u00a0\u00bb img_enable=\u00a0\u00bbtrue\u00a0\u00bb btn_custom_style=\u00a0\u00bbtrue\u00a0\u00bb btn_icon_enable=\u00a0\u00bbtrue\u00a0\u00bb title_color=\u00a0\u00bb#ffffff\u00a0\u00bb descr_color=\u00a0\u00bb#f49507&Prime;] \u00ab\u00a0Donner aux enfants des racines et des ailes\u00a0\u00bb [\/stm_call_to_action][\/vc_column][\/vc_row][vc_row][vc_column width=\u00a0\u00bb1\/2&Prime;][vc_single_image image=\u00a0\u00bb9825&Prime; img_size=\u00a0\u00bblarge\u00a0\u00bb alignment=\u00a0\u00bbcenter\u00a0\u00bb onclick=\u00a0\u00bblink_image\u00a0\u00bb css_animation=\u00a0\u00bbfadeInDownBig\u00a0\u00bb][\/vc_column][vc_column width=\u00a0\u00bb1\/2&Prime;][vc_single_image [&hellip;]<\/p>\n","protected":false},"author":1,"featured_media":0,"parent":0,"menu_order":0,"comment_status":"closed","ping_status":"closed","template":"","meta":{"footnotes":""},"_links":{"self":[{"href":"https:\/\/www.ecole-sacre-coeur-lorient.com\/index.php\/wp-json\/wp\/v2\/pages\/19"}],"collection":[{"href":"https:\/\/www.ecole-sacre-coeur-lorient.com\/index.php\/wp-json\/wp\/v2\/pages"}],"about":[{"href":"https:\/\/www.ecole-sacre-coeur-lorient.com\/index.php\/wp-json\/wp\/v2\/types\/page"}],"author":[{"embeddable":true,"href":"https:\/\/www.ecole-sacre-coeur-lorient.com\/index.php\/wp-json\/wp\/v2\/users\/1"}],"replies":[{"embeddable":true,"href":"https:\/\/www.ecole-sacre-coeur-lorient.com\/index.php\/wp-json\/wp\/v2\/comments?post=19"}],"version-history":[{"count":259,"href":"https:\/\/www.ecole-sacre-coeur-lorient.com\/index.php\/wp-json\/wp\/v2\/pages\/19\/revisions"}],"predecessor-version":[{"id":10458,"href":"https:\/\/www.ecole-sacre-coeur-lorient.com\/index.php\/wp-json\/wp\/v2\/pages\/19\/revisions\/10458"}],"wp:attachment":[{"href":"https:\/\/www.ecole-sacre-coeur-lorient.com\/index.php\/wp-json\/wp\/v2\/media?parent=19"}],"curies":[{"name":"wp","href":"https:\/\/api.w.org\/{rel}","templated":true}]}}